{"id":13229,"date":"2025-08-20T15:05:51","date_gmt":"2025-08-20T19:05:51","guid":{"rendered":"https:\/\/www.skirelais.com\/genetik-lab\/"},"modified":"2025-09-08T15:55:41","modified_gmt":"2025-09-08T19:55:41","slug":"genetik-lab","status":"publish","type":"page","link":"https:\/\/www.skirelais.com\/en\/genetik-lab\/","title":{"rendered":"Genetik LAB"},"content":{"rendered":"<div class=\"column full\"><\/p>\n<div class=\"column half\">\n<p><img loading=\"lazy\" decoding=\"async\" width=\"2951\" height=\"1388\" src=\"https:\/\/www.skirelais.com\/wp-content\/uploads\/2025\/08\/Logo-Genetik_2025_2.png\" alt=\"\" class=\"aligncenter size-full wp-image-13103\" srcset=\"https:\/\/www.skirelais.com\/wp-content\/uploads\/2025\/08\/Logo-Genetik_2025_2.png 2951w, https:\/\/www.skirelais.com\/wp-content\/uploads\/2025\/08\/Logo-Genetik_2025_2-300x141.png 300w, https:\/\/www.skirelais.com\/wp-content\/uploads\/2025\/08\/Logo-Genetik_2025_2-1440x677.png 1440w, https:\/\/www.skirelais.com\/wp-content\/uploads\/2025\/08\/Logo-Genetik_2025_2-768x361.png 768w, https:\/\/www.skirelais.com\/wp-content\/uploads\/2025\/08\/Logo-Genetik_2025_2-1536x722.png 1536w, https:\/\/www.skirelais.com\/wp-content\/uploads\/2025\/08\/Logo-Genetik_2025_2-2048x963.png 2048w\" sizes=\"(max-width: 2951px) 100vw, 2951px\" \/><\/p>\n<\/div>\n<div class=\"column half\">\n<h3>un partenaire bien de chez nous<\/h3>\n<p><span>Fond\u00e9e en 2005, <strong>Genetik&nbsp;<\/strong>est une boutique sp\u00e9cialis\u00e9e dans l\u2019entretien et la vente de v\u00e9los de montagne et d\u2019\u00e9quipement de ski alpin.&nbsp;<br \/>\n<\/span><\/p>\n<p data-start=\"821\" data-end=\"1102\">Notre objectif : contribuer au d\u00e9veloppement des sports qui nous passionnent.<\/p>\n<p data-start=\"1104\" data-end=\"1150\"><strong data-start=\"1104\" data-end=\"1148\">Notre mission repose sur trois piliers :<\/strong><\/p>\n<ul>\n<li data-start=\"1153\" data-end=\"1188\">Un service d&#8217;expert personnalis\u00e9<\/li>\n<li data-start=\"1191\" data-end=\"1232\">Des estimations justes et transparentes<\/li>\n<li data-start=\"1235\" data-end=\"1285\">Une s\u00e9lection compl\u00e8te de produits de qualit\u00e9<\/li>\n<\/ul>\n<p data-start=\"1287\" data-end=\"1434\">L\u2019\u00e9quipe Genetik, compos\u00e9e de passionn\u00e9s&nbsp;des sports de montagne, est toujours pr\u00eate \u00e0 r\u00e9pondre \u00e0 vos besoins et \u00e0 partager ses connaissances avec enthousiasme.<\/p>\n<\/div>\n<\/div>\n<div class=\"column full\">\n<div class=\"column half\">\n<h4 class=\"p1\">Location d&#8217;\u00e9quipement<\/h4>\n<p><span><br \/>\nLouer un \u00e9quipement et en profiter tout l&#8217;hiver? C&#8217;est parfait pour les enfants qui grandissent trop vite, pour un retour sur les pistes, ou pour les d\u00e9butants qui ne veulent pas n\u00e9cessairement investir dans un \u00e9quipements.<\/p>\n<p>\nC\u2019est votre premi\u00e8re fois sur les pentes? Faites-nous confiance. Nous sommes aussi pass\u00e9s par l\u00e0. Nous pouvons vous louer l\u2019\u00e9quipement de ski ou de planche pour la journ\u00e9e. Et nous l\u2019ajusterons parfaitement pour que vous partiez en toute confiance dans la montagne.&nbsp;<\/p>\n<p><a class=\"fasc-button fasc-size-medium fasc-type-glossy fasc-style-bold\" style=\"background-color: #00426a; color: #ffffff;\" href=\"https:\/\/www.skirelais.com\/genetik\/location-dequipement\/\">Location saisonni\u00e8re<\/a><span>&nbsp; &nbsp; &nbsp; &nbsp; &nbsp;<a class=\"fasc-button fasc-size-medium fasc-type-glossy fasc-style-bold\" style=\"background-color: #00426a; color: #ffffff;\" href=\"https:\/\/www.skirelais.com\/genetik-lab\/genetik-location-journaliere\/\">Location journali\u00e8re<\/a><\/span><\/span><\/p>\n<p>&nbsp;&nbsp;<\/p><\/div>\n<div class=\"column half\"><img loading=\"lazy\" decoding=\"async\" width=\"1440\" height=\"855\" class=\"alignnone wp-image-10105 size-large\" src=\"https:\/\/www.skirelais.com\/wp-content\/uploads\/2022\/08\/employeboutique2-1440x855.png\" alt=\"\" srcset=\"https:\/\/www.skirelais.com\/wp-content\/uploads\/2022\/08\/employeboutique2-1440x855.png 1440w, https:\/\/www.skirelais.com\/wp-content\/uploads\/2022\/08\/employeboutique2-300x178.png 300w, https:\/\/www.skirelais.com\/wp-content\/uploads\/2022\/08\/employeboutique2-768x456.png 768w, https:\/\/www.skirelais.com\/wp-content\/uploads\/2022\/08\/employeboutique2.png 1500w\" sizes=\"(max-width: 1440px) 100vw, 1440px\" \/><\/div>\n<p>&nbsp;<\/p>\n<div class=\"column full\">\n<div class=\"column half\">\n<h4 class=\"p1\">Atelier de r\u00e9paration et d&#8217;entretien<\/h4>\n<p><span>Avoir des skis, c\u2019est bien, mais prendre soin de ses skis c\u2019est encore mieux. Notre \u00e9quipe de passionn\u00e9s est l\u00e0 pour optimiser votre exp\u00e9rience tout au long de la saison. L\u2019ajustement, l\u2019aiguisage ou le cirage ne feront peut-\u00eatre pas de vous un skieur olympique. Mais une chose est s\u00fbre, vous aurez plus de plaisir sur les pentes.<br \/>\n<\/span><span>Avant de vous lancer, passez nous voir.<\/p>\n<p><a class=\"fasc-button fasc-size-medium fasc-type-glossy fasc-style-bold\" style=\"background-color: #00426a; color: #ffffff;\" href=\"https:\/\/www.skirelais.com\/en\/?page_id=488\">Tarifs et services offerts<\/a><br \/>\n<\/span><span class=\"Aucun\"><span style=\"font-size: 12.0pt; line-height: 107%;\"><span style=\"background: white;\"><a href=\"https:\/\/www.skirelais.com\/tarifs\/tarifs\/\"><\/a><o:p><\/o:p><\/span><\/span><\/span><\/p>\n<\/div>\n<div class=\"column half\"><img loading=\"lazy\" decoding=\"async\" width=\"1440\" height=\"813\" class=\"alignnone wp-image-10188 size-large\" src=\"https:\/\/www.skirelais.com\/wp-content\/uploads\/2022\/08\/atelier-e1755715194288-1440x813.jpg\" alt=\"\" srcset=\"https:\/\/www.skirelais.com\/wp-content\/uploads\/2022\/08\/atelier-e1755715194288-1440x813.jpg 1440w, https:\/\/www.skirelais.com\/wp-content\/uploads\/2022\/08\/atelier-e1755715194288-300x169.jpg 300w, https:\/\/www.skirelais.com\/wp-content\/uploads\/2022\/08\/atelier-e1755715194288-768x434.jpg 768w, https:\/\/www.skirelais.com\/wp-content\/uploads\/2022\/08\/atelier-e1755715194288.jpg 1500w\" sizes=\"(max-width: 1440px) 100vw, 1440px\" \/><\/div>\n<div class=\"column half\">\n<h4 class=\"p1\">Boutique<\/h4>\n<p><span>\u00c0 m\u00eame notre boutique, vous retrouverez bien s\u00fbr de l&#8217;\u00e9quipement de ski qui r\u00e9pondra \u00e0 vos attentes, peu importe votre niveau. Nos experts aiment discuter de vos exp\u00e9riences de glisse pour bien comprendre vos besoins et s\u2019assurer que vous repartiez avec l\u2019\u00e9quipement appropri\u00e9. Vous retrouverez aussi tous les accessoires de glisse n\u00e9cessaires \u00e0 une journ\u00e9e des plus agr\u00e9able et s\u00e9curitaire. Vous avez oubli\u00e9 votre cache-cou et il fait moins vingt? On en a. Vous avez les pieds gel\u00e9s? On a des bas thermaux. Vous \u00eates tann\u00e9 d\u2019avoir de la bu\u00e9e dans vos lunettes? On a des lunettes de ski antibu\u00e9e. Peu importe la raison, chez G\u00e9n\u00e9tik, on aime vous voir.<\/span><\/p>\n<\/div>\n<div class=\"column half\">\n<p>&nbsp;<\/p>\n<\/div>\n<p>&nbsp;<\/p>\n<\/div>\n<\/div>\n","protected":false},"excerpt":{"rendered":"<p>un partenaire bien de chez nous Fond\u00e9e en 2005, Genetik&nbsp;est une boutique sp\u00e9cialis\u00e9e dans l\u2019entretien et la vente de v\u00e9los &#8230; <a class=\"button button--blue button--medium button--with-arrow externe\" href=\"https:\/\/www.skirelais.com\/en\/genetik-lab\/\">Get more information<\/a><\/p>\n","protected":false},"author":12,"featured_media":10096,"parent":0,"menu_order":2,"comment_status":"closed","ping_status":"closed","template":"","meta":{"_acf_changed":false,"_monsterinsights_skip_tracking":false,"_monsterinsights_sitenote_active":false,"_monsterinsights_sitenote_note":"","_monsterinsights_sitenote_category":0,"footnotes":""},"class_list":["post-13229","page","type-page","status-publish","has-post-thumbnail","hentry"],"acf":[],"publishpress_future_action":{"enabled":false,"date":"2026-05-06 12:57:18","action":"change-status","newStatus":"draft","terms":[],"taxonomy":"translation_priority"},"_links":{"self":[{"href":"https:\/\/www.skirelais.com\/en\/wp-json\/wp\/v2\/pages\/13229"}],"collection":[{"href":"https:\/\/www.skirelais.com\/en\/wp-json\/wp\/v2\/pages"}],"about":[{"href":"https:\/\/www.skirelais.com\/en\/wp-json\/wp\/v2\/types\/page"}],"author":[{"embeddable":true,"href":"https:\/\/www.skirelais.com\/en\/wp-json\/wp\/v2\/users\/12"}],"replies":[{"embeddable":true,"href":"https:\/\/www.skirelais.com\/en\/wp-json\/wp\/v2\/comments?post=13229"}],"version-history":[{"count":1,"href":"https:\/\/www.skirelais.com\/en\/wp-json\/wp\/v2\/pages\/13229\/revisions"}],"predecessor-version":[{"id":13230,"href":"https:\/\/www.skirelais.com\/en\/wp-json\/wp\/v2\/pages\/13229\/revisions\/13230"}],"wp:featuredmedia":[{"embeddable":true,"href":"https:\/\/www.skirelais.com\/en\/wp-json\/wp\/v2\/media\/10096"}],"wp:attachment":[{"href":"https:\/\/www.skirelais.com\/en\/wp-json\/wp\/v2\/media?parent=13229"}],"curies":[{"name":"wp","href":"https:\/\/api.w.org\/{rel}","templated":true}]}}

<div class="column full"></p>
<div class="column half">
<p><img loading="lazy" decoding="async" width="2951" height="1388" src="https://www.skirelais.com/wp-content/uploads/2025/08/Logo-Genetik_2025_2.png" alt="" class="aligncenter size-full wp-image-13103" srcset="https://www.skirelais.com/wp-content/uploads/2025/08/Logo-Genetik_2025_2.png 2951w, https://www.skirelais.com/wp-content/uploads/2025/08/Logo-Genetik_2025_2-300x141.png 300w, https://www.skirelais.com/wp-content/uploads/2025/08/Logo-Genetik_2025_2-1440x677.png 1440w, https://www.skirelais.com/wp-content/uploads/2025/08/Logo-Genetik_2025_2-768x361.png 768w, https://www.skirelais.com/wp-content/uploads/2025/08/Logo-Genetik_2025_2-1536x722.png 1536w, https://www.skirelais.com/wp-content/uploads/2025/08/Logo-Genetik_2025_2-2048x963.png 2048w" sizes="(max-width: 2951px) 100vw, 2951px" /></p>
</div>
<div class="column half">
<h3>un partenaire bien de chez nous</h3>
<p><span>Fondée en 2005, <strong>Genetik&nbsp;</strong>est une boutique spécialisée dans l’entretien et la vente de vélos de montagne et d’équipement de ski alpin.&nbsp;<br />
</span></p>
<p data-start="821" data-end="1102">Notre objectif : contribuer au développement des sports qui nous passionnent.</p>
<p data-start="1104" data-end="1150"><strong data-start="1104" data-end="1148">Notre mission repose sur trois piliers :</strong></p>
<ul>
<li data-start="1153" data-end="1188">Un service d&#8217;expert personnalisé</li>
<li data-start="1191" data-end="1232">Des estimations justes et transparentes</li>
<li data-start="1235" data-end="1285">Une sélection complète de produits de qualité</li>
</ul>
<p data-start="1287" data-end="1434">L’équipe Genetik, composée de passionnés&nbsp;des sports de montagne, est toujours prête à répondre à vos besoins et à partager ses connaissances avec enthousiasme.</p>
</div>
</div>
<div class="column full">
<div class="column half">
<h4 class="p1">Location d&#8217;équipement</h4>
<p><span><br />
Louer un équipement et en profiter tout l&#8217;hiver? C&#8217;est parfait pour les enfants qui grandissent trop vite, pour un retour sur les pistes, ou pour les débutants qui ne veulent pas nécessairement investir dans un équipements.</p>
<p>
C’est votre première fois sur les pentes? Faites-nous confiance. Nous sommes aussi passés par là. Nous pouvons vous louer l’équipement de ski ou de planche pour la journée. Et nous l’ajusterons parfaitement pour que vous partiez en toute confiance dans la montagne.&nbsp;</p>
<p><a class="fasc-button fasc-size-medium fasc-type-glossy fasc-style-bold" style="background-color: #00426a; color: #ffffff;" href="https://www.skirelais.com/genetik/location-dequipement/">Location saisonnière</a><span>&nbsp; &nbsp; &nbsp; &nbsp; &nbsp;<a class="fasc-button fasc-size-medium fasc-type-glossy fasc-style-bold" style="background-color: #00426a; color: #ffffff;" href="https://www.skirelais.com/genetik-lab/genetik-location-journaliere/">Location journalière</a></span></span></p>
<p>&nbsp;&nbsp;</p></div>
<div class="column half"><img loading="lazy" decoding="async" width="1440" height="855" class="alignnone wp-image-10105 size-large" src="https://www.skirelais.com/wp-content/uploads/2022/08/employeboutique2-1440x855.png" alt="" srcset="https://www.skirelais.com/wp-content/uploads/2022/08/employeboutique2-1440x855.png 1440w, https://www.skirelais.com/wp-content/uploads/2022/08/employeboutique2-300x178.png 300w, https://www.skirelais.com/wp-content/uploads/2022/08/employeboutique2-768x456.png 768w, https://www.skirelais.com/wp-content/uploads/2022/08/employeboutique2.png 1500w" sizes="(max-width: 1440px) 100vw, 1440px" /></div>
<p>&nbsp;</p>
<div class="column full">
<div class="column half">
<h4 class="p1">Atelier de réparation et d&#8217;entretien</h4>
<p><span>Avoir des skis, c’est bien, mais prendre soin de ses skis c’est encore mieux. Notre équipe de passionnés est là pour optimiser votre expérience tout au long de la saison. L’ajustement, l’aiguisage ou le cirage ne feront peut-être pas de vous un skieur olympique. Mais une chose est sûre, vous aurez plus de plaisir sur les pentes.<br />
</span><span>Avant de vous lancer, passez nous voir.</p>
<p><a class="fasc-button fasc-size-medium fasc-type-glossy fasc-style-bold" style="background-color: #00426a; color: #ffffff;" href="https://www.skirelais.com/en/?page_id=488">Tarifs et services offerts</a><br />
</span><span class="Aucun"><span style="font-size: 12.0pt; line-height: 107%;"><span style="background: white;"><a href="https://www.skirelais.com/tarifs/tarifs/"></a><o:p></o:p></span></span></span></p>
</div>
<div class="column half"><img loading="lazy" decoding="async" width="1440" height="813" class="alignnone wp-image-10188 size-large" src="https://www.skirelais.com/wp-content/uploads/2022/08/atelier-e1755715194288-1440x813.jpg" alt="" srcset="https://www.skirelais.com/wp-content/uploads/2022/08/atelier-e1755715194288-1440x813.jpg 1440w, https://www.skirelais.com/wp-content/uploads/2022/08/atelier-e1755715194288-300x169.jpg 300w, https://www.skirelais.com/wp-content/uploads/2022/08/atelier-e1755715194288-768x434.jpg 768w, https://www.skirelais.com/wp-content/uploads/2022/08/atelier-e1755715194288.jpg 1500w" sizes="(max-width: 1440px) 100vw, 1440px" /></div>
<div class="column half">
<h4 class="p1">Boutique</h4>
<p><span>À même notre boutique, vous retrouverez bien sûr de l&#8217;équipement de ski qui répondra à vos attentes, peu importe votre niveau. Nos experts aiment discuter de vos expériences de glisse pour bien comprendre vos besoins et s’assurer que vous repartiez avec l’équipement approprié. Vous retrouverez aussi tous les accessoires de glisse nécessaires à une journée des plus agréable et sécuritaire. Vous avez oublié votre cache-cou et il fait moins vingt? On en a. Vous avez les pieds gelés? On a des bas thermaux. Vous êtes tanné d’avoir de la buée dans vos lunettes? On a des lunettes de ski antibuée. Peu importe la raison, chez Génétik, on aime vous voir.</span></p>
</div>
<div class="column half">
<p>&nbsp;</p>
</div>
<p>&nbsp;</p>
</div>
</div>

<p>un partenaire bien de chez nous Fondée en 2005, Genetik&nbsp;est une boutique spécialisée dans l’entretien et la vente de vélos &#8230; <a class="button button--blue button--medium button--with-arrow externe" href="https://www.skirelais.com/en/genetik-lab/">Get more information</a></p>
